 2*w**3 + 4*w. What is the tens digit of h(-7)?
9
What is the tens digit of ((-70)/(-63)*8604/(-30))/(4/(-312))?
5
Suppose -4*b + 3*z = -5, 3*z = -5*b - z + 45. Suppose 318 = -b*y - 82. Let o = y + 179. What is the tens digit of o?
9
Suppose -9*o + 1196 = 4*o. Suppose 93*c - o*c = -1. What is the tens digit of (-1 + c)*101/(-2)?
0
Let j(q) = 58*q**3 - 5*q**2 + 2*q + 21. Let t be j(5). Suppose t - 1621 = 5*v. What is the thousands digit of v?
1
Let r = -4839 - -8029. What is the hundreds digit of r?
1
Suppose -5917 + 17978 + 10563 = 16*q. What is the hundreds digit of q?
4
Let t(c) = c**3 + 5*c**2 + 8*c + 88. Let x be t(-6). Suppose 0 = 4*b + 4*p - 680, 0*b - 2*p - 161 = -b. Suppose b = x*u - 9. What is the units digit of u?
4
Suppose 264*u - 7700661 = -266*u + 14029339. What is the units digit of u?
0
Let p = -28 - -20. Let f(i) = -i**2 + 6*i + 11. Let b be f(0). Let a = b - p. What is the tens digit of a?
1
Let d = -83 - -85. Suppose 5*g - 2968 = 4*o, 3*o = d*g - 1302 + 112. Suppose -5*r - g = -3*s, -2*s + 123 = -r - 267. What is the hundreds digit of s?
1
Let u = 1965 + 236. Suppose -5*k + 9 = -u. What is the units digit of k?
2
Let m = 1778 - 1052. Suppose 655*k - 656*k + m = 0. What is the units digit of k?
6
Let l = 14 - 19. Let m = -4 - l. What is the units digit of 2/m*(-427)/(-14)?
1
Let n be (-30*(-530)/15 - 0) + 4. Suppose n = -u + 5*u. What is the hundreds digit of u?
2
Suppose -4*t - 180 = -16*t. Let w(a) = 2*a**2 + 20*a - 13. Let l be w(-11). What is the tens digit of (1 + t/l)*(-7 + 40)?
8
Let k(c) = 281*c + 507. What is the thousands digit of k(8)?
2
Let p(w) = -w**3 - 35*w**2 + 32*w + 331. What is the units digit of p(-39)?
7
Let l(b) = -70*b + 2. Let d be l(4). Let j = -496 + 311. Let k = j - d. What is the tens digit of k?
9
What is the hundreds digit of (-16)/24 + ((-1362)/(-12))/((-3)/(-350))?
2
Suppose -x - 24 = 3*x - 4*h, 3*x + 5*h = -42. Let r be (-7)/x - 26/(-117). What is the units digit of ((-24)/(-8))/(6*r/194)?
7
Let n(z) = -z**3 - 19*z**2 + 10*z - 30. What is the hundreds digit of n(-33)?
8
Let k(f) = -19*f**3 + f. Let m be k(-1). Let p = 18 - m. Suppose -12*q = -p*q - 1524. What is the hundreds digit of q?
1
Let l be 1 + -2 + 6/((-9)/(-9)). Suppose -2*d = -l*g + 137, -d = 2*d - 12. What is the units digit of g?
9
Let c be 210/63*3/5. Suppose b + 2*b = m - 145, -c*b - 699 = -5*m. What is the tens digit of m?
3
Let f = -27803 + 46698. What is the units digit of f?
5
Suppose 0 = -h - 2*a + 19568, 13*h - 19560 = 12*h + 2*a. What is the tens digit of h?
6
Let v(d) = 135*d - 862. What is the tens digit of v(63)?
4
Let i = -1271 - -8422. What is the hundreds digit of i?
1
Let s be ((-1744)/6)/(-2) + 23/(-69). Suppose -3*t = s - 523. What is the tens digit of t?
2
Let r(b) = -274*b - 479. What is the units digit of r(-64)?
7
Suppose 2*q + 48008 = 4*l, -l + 11996 = -q - q. What is the thousands digit of l?
2
Let z be 6/(-51) - 3690/(-153). Suppose 0 = -c + 7*c - z. Suppose 0 = 3*h + c*o - 30 - 144, 2*o = 4*h - 232. What is the tens digit of h?
5
Let l = 44634 - 17394. What is the hundreds digit of l?
2
Let h be 90/(-9)*(-6)/4. Suppose -3*r = h, 2*i + 0*i + 3*r - 989 = 0. Suppose -2259 - i = -11*b. What is the hundreds digit of b?
2
Let s = 229 - 229. Suppose 0 = -5*h - z - 419 + 1579, s = -2*h - 2*z + 464. What is the units digit of h?
2
Let u = 21221 - 1105. What is the thousands digit of u?
0
Let k be (-335)/5 + -7 + 6/1. What is the hundreds digit of 102/k + (-3269)/(-2)?
6
Suppose 11 - 23 = -4*u + 2*c, -3*u - 2*c + 2 = 0. Suppose 1278 = p - 5*w, 3*p - 1276 = u*p + 3*w. What is the tens digit of p?
7
Let d(f) = -1265*f - 1113. What is the thousands digit of d(-21)?
5
Let m = -10119 - -17773. What is the tens digit of m?
5
Let u = -362 + 364. Suppose 3645 = 5*q + k, 0 = -22*q + 18*q + u*k + 2930. What is the hundreds digit of q?
7
Let j(k) = 22*k - 1. Let h be j(1). Suppose 0*q + 6*q - 4*m = 18702, -3*q - 3*m = -9351. Suppose -h*t + q = -390. What is the units digit of t?
7
Let p = 68 - 67. Let j(f) = 6 - p + 2*f - 3 + 19*f**2 - 3*f. What is the tens digit of j(-3)?
7
Let p(a) be the second derivative of -5/12*a**4 + 5/2*a**2 - 1/20*a**5 + 0*a**3 + 3*a + 0. What is the units digit of p(-6)?
1
Suppose -3*o + 5912 = o. Let p be 1*((-2)/11 + o/22). What is the units digit of 0/(-3) - (0 - p)?
7
Let x(u) = -3*u + 18. Let p be x(7). Let k = 139 + p. What is the tens digit of k/(-3)*9/(-6)?
6
Let f be 18117/(-30) - (-10)/(-100). Let m = -422 - f. What is the tens digit of m?
8
Let b(d) = 51*d + 6. Let g be 7 + (3 + (-10)/2 - -4). What is the tens digit of b(g)?
6
Let d(w) = w**3 + 4*w**2 - 10*w - 4. Let b = -108 - -113. What is the tens digit of d(b)?
7
Suppose -4728*i - 25722 - 934226 = -4750*i. What is the tens digit of i?
3
Let u(n) = -6*n + 25. Let i be u(-7). Suppose 4*m - i = -51. What is the units digit of m?
4
Let q(m) = m**3 - 2*m**2 - m + 2. Let k be q(3). Suppose -k*h + 2 = -10*h. What is the tens digit of (-128 - 3)*h - (-4 + 2)?
3
Suppose 31*m - 8 = 27*m. Let a be m + (3 - 2)*1. Suppose a*s - 308 - 214 = 0. What is the hundreds digit of s?
1
Suppose -2*a + 41130 = 2*i, -24*i - 61694 = -3*a - 26*i. What is the thousands digit of a?
0
Let l(w) = 8*w**2 + 53*w - 39. What is the thousands digit of l(29)?
8
Let l = 2257 - -934. Let i = l - 1931. What is the tens digit of i?
6
Suppose -5*k + 373 = -2*o, 791 = -4*o - 7*k + 2*k. Let w be (-352)/(-12)*(-1 + o/(-8)). Suppose 12*r = r + w. What is the tens digit of r?
6
Suppose -834*s = -833*s - 5*w - 2754, -2*s - w + 5442 = 0. What is the thousands digit of s?
2
Let z(v) = -2*v**2 + 12*v - 10. Let b be z(4). Let x be -15 - ((-108)/42 + b/(-14)). Let o = 160 + x. What is the units digit of o?
8
Suppose 29*m = 22*m + 42. What is the tens digit of ((-1385)/m - (-13)/39)*-2?
6
Let z(x) = -x + 1. Let t(l) = -3*l - 3. Let h(k) = -3*t(k) + 3*z(k). Let f be h(-4). What is the units digit of f/(-8)*(-184)/(-12)?
3
Suppose -3987319 + 1278403 = -145*p + 26*p. What is the ten thousands digit of p?
2
Suppose -120 = -30*y + 24*y. Let q = 8 + -10. What is the tens digit of q/(-5) - (3 + (-632)/y)?
2
Suppose -70 = -4*d - d. Suppose -3*x + 3*j + 19 = -d, -15 = -3*x - 3*j. Let b(q) = 7*q - 10. What is the units digit of b(x)?
6
Suppose 3*c - 2*g = 13997, -9328 = 21*c - 23*c + 3*g. What is the tens digit of c?
6
Let q(d) be the first derivative of -34*d**2 + 3*d + 64. What is the hundreds digit of q(-5)?
3
Let t(m) = 3*m**2 - 5*m - 2. Let u be t(-3). Suppose 3*s = -2*f + 20, -2*f - 18 - 2 = -2*s. Let k = u - s. What is the tens digit of k?
3
Let x(v) = -v - 7. Suppose 8*i = -22 - 50. Let u be x(i). Suppose w = -u*p + 24 + 3, -3*p + 3*w = -63. What is the tens digit of p?
1
Let f(j) = 26540*j**2 - 7*j + 16. What is the units digit of f(1)?
9
Suppose 267*f - 272*f + 20 = 0. What is the hundreds digit of (23 + 3)*(f + 31)?
9
Suppose 19*h + 3682 = 17*h - 4*d, -2*h = -3*d + 3710. Let g = h - -2712. What is the units digit of g?
3
Let s(q) = -q**3 - 87*q**2 - 630*q - 95. What is the thousands digit of s(-80)?
5
Suppose -13*t + 11*t = -k + 7963, t - 39837 = -5*k. What is the hundreds digit of k?
9
Suppose 18*k = 51*k + 292743. What is the tens digit of (-100)/120 + -1*k/18?
9
Let i = -480 + 689. What is the units digit of i?
9
Let f(a) = -a**2 + 25*a - 46. Let x be f(22). Suppose 0 = x*r - 1044 - 3996. What is the tens digit of r?
5
Let w(t) = 4*t**2 + 27*t + 5. Let y be w(-27). Let h = y + -1563. What is the units digit of h?
9
Let j(g) = 60*g - 21. Let t be -5*3/((-15)/5). What is the tens digit of j(t)?
7
Let n = -122 + 248. Suppose 8*t + 516 = -396. Let c = n + t. What is the units digit of c?
2
Suppose -267*v - 6761 + 143465 = 0. What is the hundreds digit of v?
5
Let n(u) = -2*u**2 + u + 3. Suppose 1 = -5*m + f, 0 = -3*m + 4*f - 0 + 13. Let x be n(m). Suppose -4*b + 368 + 360 = x. What is the units digit of b?
2
Let a = -5456 - -5779. What is the units digit of a?
3
Let b(d) = 9*d + 75. Let x(z) = 2*z + 15. Let o be (1 + 1)*(3 + -4). Let c(i) = o*b(i) + 11*x(i). What is the units digit of c(16)?
9
Suppose 2*c = -2*c + 4. Let z be c/(1/2) + 1104/12. Suppose -3*h + q = z - 309, -2*h + 5*q + 139 = 0. What is the units digit of h?
2
Let r(h) = -8*h**2 + 9*h + 24. Let x(z) = 8*z**2 - 10*z - 21